{"id":10906,"date":"2025-07-07T13:57:28","date_gmt":"2025-07-07T11:57:28","guid":{"rendered":"https:\/\/www.premier-futtermittel.de\/Shop\/?post_type=product&#038;p=10906"},"modified":"2025-07-07T14:08:21","modified_gmt":"2025-07-07T12:08:21","slug":"horner-suregrip-handstueck","status":"publish","type":"product","link":"https:\/\/www.premier-futtermittel.de\/Shop\/produkt\/horner-suregrip-handstueck\/","title":{"rendered":"Horner SureGrip Handst\u00fcck"},"content":{"rendered":"<p>Das <em>SureGrip<\/em>-Handst\u00fcck ist die erste Wahl f\u00fcr Scherer und Landwirte, die ein benutzerfreundliches und verl\u00e4ssliches Werkzeug ben\u00f6tigen.<\/p>\n<p>Statt Kugellagern nutzt das <em>SureGrip<\/em>-Handst\u00fcck ein bew\u00e4hrtes \u00d6lbad-System. Dadurch entf\u00e4llt der Austausch teurer Lager, und die Zuverl\u00e4ssigkeit auf lange Sicht wird erh\u00f6ht \u2013 ideal, wenn das Ger\u00e4t l\u00e4ngere Zeit ungenutzt bleibt oder in feuchten\/k\u00fchlen Umgebungen gelagert wird.<\/p>\n<p><strong>Vorteile des SureGrip-Handst\u00fccks:<\/strong><\/p>\n<ul>\n<li>\u00d6lbad-Konstruktion \u2013 seit \u00fcber 40 Jahren im Einsatz bew\u00e4hrt<\/li>\n<li>Ruhiger Lauf<\/li>\n<li>Geringer Wartungsaufwand<\/li>\n<li>Passend f\u00fcr alle station\u00e4ren Schermaschinen<\/li>\n<li>Erh\u00e4ltlich mit Stift- oder Schneckenantrieb<\/li>\n<li>Mit Schneckenrad-Antrieb (Worm Drive) und 22mm Verbindungst\u00fclle<\/li>\n<\/ul>\n<p><strong>Hinweis: Kamm und Messer dienen nur der Veranschaulichung und sind nicht im Lieferumfang enthalten.<\/strong><\/p>\n","protected":false},"excerpt":{"rendered":"<p>Das SureGrip-Handst\u00fcck ist die erste Wahl f\u00fcr Scherer und Landwirte, die ein benutzerfreundliches und verl\u00e4ssliches Werkzeug ben\u00f6tigen. Statt Kugellagern nutzt [&hellip;]<\/p>\n","protected":false},"featured_media":10911,"template":"","meta":{"site-sidebar-layout":"default","site-content-layout":"","ast-site-content-layout":"default","site-content-style":"default","site-sidebar-style":"default","ast-global-header-display":"","ast-banner-title-visibility":"","ast-main-header-display":"","ast-hfb-above-header-display":"","ast-hfb-below-header-display":"","ast-hfb-mobile-header-display":"","site-post-title":"","ast-breadcrumbs-content":"","ast-featured-img":"","footer-sml-layout":"","ast-disable-related-posts":"","theme-transparent-header-meta":"default","adv-header-id-meta":"","stick-header-meta":"","header-above-stick-meta":"","header-main-stick-meta":"","header-below-stick-meta":"","astra-migrate-meta-layouts":"set","ast-page-background-enabled":"default","ast-page-background-meta":{"desktop":{"background-color":"var(--ast-global-color-4)","background-image":"","background-repeat":"repeat","background-position":"center center","background-size":"auto","background-attachment":"scroll","background-type":"","background-media":"","overlay-type":"","overlay-color":"","overlay-opacity":"","overlay-gradient":""},"tablet":{"background-color":"","background-image":"","background-repeat":"repeat","background-position":"center center","background-size":"auto","background-attachment":"scroll","background-type":"","background-media":"","overlay-type":"","overlay-color":"","overlay-opacity":"","overlay-gradient":""},"mobile":{"background-color":"","background-image":"","background-repeat":"repeat","background-position":"center center","background-size":"auto","background-attachment":"scroll","background-type":"","background-media":"","overlay-type":"","overlay-color":"","overlay-opacity":"","overlay-gradient":""}},"ast-content-background-meta":{"desktop":{"background-color":"var(--ast-global-color-5)","background-image":"","background-repeat":"repeat","background-position":"center center","background-size":"auto","background-attachment":"scroll","background-type":"","background-media":"","overlay-type":"","overlay-color":"","overlay-opacity":"","overlay-gradient":""},"tablet":{"background-color":"var(--ast-global-color-5)","background-image":"","background-repeat":"repeat","background-position":"center center","background-size":"auto","background-attachment":"scroll","background-type":"","background-media":"","overlay-type":"","overlay-color":"","overlay-opacity":"","overlay-gradient":""},"mobile":{"background-color":"var(--ast-global-color-5)","background-image":"","background-repeat":"repeat","background-position":"center center","background-size":"auto","background-attachment":"scroll","background-type":"","background-media":"","overlay-type":"","overlay-color":"","overlay-opacity":"","overlay-gradient":""}}},"product_brand":[],"product_cat":[99],"product_tag":[],"class_list":{"0":"post-10906","1":"product","2":"type-product","3":"status-publish","4":"has-post-thumbnail","6":"product_cat-handgriff","7":"product_shipping_class-paket","8":"desktop-align-left","9":"tablet-align-left","10":"mobile-align-left","12":"first","13":"instock","14":"taxable","15":"shipping-taxable","16":"purchasable","17":"product-type-simple"},"_links":{"self":[{"href":"https:\/\/www.premier-futtermittel.de\/Shop\/wp-json\/wp\/v2\/product\/10906","targetHints":{"allow":["GET"]}}],"collection":[{"href":"https:\/\/www.premier-futtermittel.de\/Shop\/wp-json\/wp\/v2\/product"}],"about":[{"href":"https:\/\/www.premier-futtermittel.de\/Shop\/wp-json\/wp\/v2\/types\/product"}],"wp:featuredmedia":[{"embeddable":true,"href":"https:\/\/www.premier-futtermittel.de\/Shop\/wp-json\/wp\/v2\/media\/10911"}],"wp:attachment":[{"href":"https:\/\/www.premier-futtermittel.de\/Shop\/wp-json\/wp\/v2\/media?parent=10906"}],"wp:term":[{"taxonomy":"product_brand","embeddable":true,"href":"https:\/\/www.premier-futtermittel.de\/Shop\/wp-json\/wp\/v2\/product_brand?post=10906"},{"taxonomy":"product_cat","embeddable":true,"href":"https:\/\/www.premier-futtermittel.de\/Shop\/wp-json\/wp\/v2\/product_cat?post=10906"},{"taxonomy":"product_tag","embeddable":true,"href":"https:\/\/www.premier-futtermittel.de\/Shop\/wp-json\/wp\/v2\/product_tag?post=10906"}],"curies":[{"name":"wp","href":"https:\/\/api.w.org\/{rel}","templated":true}]}}