{"id":10413,"date":"2024-05-28T17:17:09","date_gmt":"2024-05-28T15:17:09","guid":{"rendered":"https:\/\/www.premier-futtermittel.de\/Shop\/?post_type=product&#038;p=10413"},"modified":"2024-06-05T21:05:05","modified_gmt":"2024-06-05T19:05:05","slug":"heiniger-iconsfx","status":"publish","type":"product","link":"https:\/\/www.premier-futtermittel.de\/Shop\/produkt\/heiniger-iconsfx\/","title":{"rendered":"Heiniger ICON SFX"},"content":{"rendered":"<p>Der ICON SFX von Heiniger bietet zahlreiche Verbesserungen gegen\u00fcber fr\u00fcheren Modellen, die den Komfort, die Kontrolle und die Belastungsreduktion beim Scheren optimieren. Durch die verbesserte Reaktionsf\u00e4higkeit und Balance erzielt der ICON SFX ein gleichm\u00e4\u00dfigeres und besseres Scherergebnis.<\/p>\n<p>Dieser Schurhandgriff richtet sich an Anwender, die h\u00f6chste Anspr\u00fcche an ihre Schneidtechnik stellen. Die \u00fcberarbeiteten Designelemente und technischen Verbesserungen sorgen f\u00fcr eine gesteigerte Effizienz auch unter anspruchsvollen Bedingungen.<\/p>\n<p>Der ICON SFX verk\u00f6rpert eine perfekte Kombination aus Pr\u00e4zision und Leistung, bei der die Kontrolle stets im Vordergrund steht.<\/p>\n<p>Ein einzigartiges Merkmal ist die neu gestaltete Druckb\u00fcchse, die eine maximale Bewegungsfreiheit gew\u00e4hrleistet. Zudem sind die Gelenkst\u00fccke des ICON SFX um 62 Gramm leichter als die des ICON FX, was zu einer Gesamtgewichtseinsparung von 159 Gramm gegen\u00fcber dem Cyclone f\u00fchrt und so das Handgelenk entlastet und die Balance verbessert.<\/p>\n<p>Die kleinere Getriebeabdeckung tr\u00e4gt zu einem erh\u00f6hten Handkomfort bei, w\u00e4hrend das neue Material und die verbesserte Form der Spezial-Zahnr\u00e4der den Ger\u00e4uschpegel reduzieren und einen ruhigeren Betrieb gew\u00e4hrleisten.<\/p>\n","protected":false},"excerpt":{"rendered":"<p>Der ICON SFX von Heiniger bietet zahlreiche Verbesserungen gegen\u00fcber fr\u00fcheren Modellen, die den Komfort, die Kontrolle und die Belastungsreduktion beim [&hellip;]<\/p>\n","protected":false},"featured_media":10414,"template":"","meta":{"site-sidebar-layout":"default","site-content-layout":"","ast-site-content-layout":"default","site-content-style":"default","site-sidebar-style":"default","ast-global-header-display":"","ast-banner-title-visibility":"","ast-main-header-display":"","ast-hfb-above-header-display":"","ast-hfb-below-header-display":"","ast-hfb-mobile-header-display":"","site-post-title":"","ast-breadcrumbs-content":"","ast-featured-img":"","footer-sml-layout":"","ast-disable-related-posts":"","theme-transparent-header-meta":"default","adv-header-id-meta":"","stick-header-meta":"","header-above-stick-meta":"","header-main-stick-meta":"","header-below-stick-meta":"","astra-migrate-meta-layouts":"set","ast-page-background-enabled":"default","ast-page-background-meta":{"desktop":{"background-color":"var(--ast-global-color-4)","background-image":"","background-repeat":"repeat","background-position":"center center","background-size":"auto","background-attachment":"scroll","background-type":"","background-media":"","overlay-type":"","overlay-color":"","overlay-opacity":"","overlay-gradient":""},"tablet":{"background-color":"","background-image":"","background-repeat":"repeat","background-position":"center center","background-size":"auto","background-attachment":"scroll","background-type":"","background-media":"","overlay-type":"","overlay-color":"","overlay-opacity":"","overlay-gradient":""},"mobile":{"background-color":"","background-image":"","background-repeat":"repeat","background-position":"center center","background-size":"auto","background-attachment":"scroll","background-type":"","background-media":"","overlay-type":"","overlay-color":"","overlay-opacity":"","overlay-gradient":""}},"ast-content-background-meta":{"desktop":{"background-color":"var(--ast-global-color-5)","background-image":"","background-repeat":"repeat","background-position":"center center","background-size":"auto","background-attachment":"scroll","background-type":"","background-media":"","overlay-type":"","overlay-color":"","overlay-opacity":"","overlay-gradient":""},"tablet":{"background-color":"var(--ast-global-color-5)","background-image":"","background-repeat":"repeat","background-position":"center center","background-size":"auto","background-attachment":"scroll","background-type":"","background-media":"","overlay-type":"","overlay-color":"","overlay-opacity":"","overlay-gradient":""},"mobile":{"background-color":"var(--ast-global-color-5)","background-image":"","background-repeat":"repeat","background-position":"center center","background-size":"auto","background-attachment":"scroll","background-type":"","background-media":"","overlay-type":"","overlay-color":"","overlay-opacity":"","overlay-gradient":""}}},"product_brand":[],"product_cat":[99,105],"product_tag":[],"class_list":{"0":"post-10413","1":"product","2":"type-product","3":"status-publish","4":"has-post-thumbnail","6":"product_cat-handgriff","7":"product_cat-schurwerkzeug","8":"product_shipping_class-paket","9":"desktop-align-left","10":"tablet-align-left","11":"mobile-align-left","13":"first","14":"instock","15":"taxable","16":"shipping-taxable","17":"purchasable","18":"product-type-simple"},"_links":{"self":[{"href":"https:\/\/www.premier-futtermittel.de\/Shop\/wp-json\/wp\/v2\/product\/10413","targetHints":{"allow":["GET"]}}],"collection":[{"href":"https:\/\/www.premier-futtermittel.de\/Shop\/wp-json\/wp\/v2\/product"}],"about":[{"href":"https:\/\/www.premier-futtermittel.de\/Shop\/wp-json\/wp\/v2\/types\/product"}],"wp:featuredmedia":[{"embeddable":true,"href":"https:\/\/www.premier-futtermittel.de\/Shop\/wp-json\/wp\/v2\/media\/10414"}],"wp:attachment":[{"href":"https:\/\/www.premier-futtermittel.de\/Shop\/wp-json\/wp\/v2\/media?parent=10413"}],"wp:term":[{"taxonomy":"product_brand","embeddable":true,"href":"https:\/\/www.premier-futtermittel.de\/Shop\/wp-json\/wp\/v2\/product_brand?post=10413"},{"taxonomy":"product_cat","embeddable":true,"href":"https:\/\/www.premier-futtermittel.de\/Shop\/wp-json\/wp\/v2\/product_cat?post=10413"},{"taxonomy":"product_tag","embeddable":true,"href":"https:\/\/www.premier-futtermittel.de\/Shop\/wp-json\/wp\/v2\/product_tag?post=10413"}],"curies":[{"name":"wp","href":"https:\/\/api.w.org\/{rel}","templated":true}]}}