{"id":10349,"date":"2024-03-24T15:07:14","date_gmt":"2024-03-24T14:07:14","guid":{"rendered":"https:\/\/www.premier-futtermittel.de\/Shop\/?post_type=product&#038;p=10349"},"modified":"2024-03-24T15:07:14","modified_gmt":"2024-03-24T14:07:14","slug":"longhorn-xt-komplettes-scherset","status":"publish","type":"product","link":"https:\/\/www.premier-futtermittel.de\/Shop\/produkt\/longhorn-xt-komplettes-scherset\/","title":{"rendered":"Longhorn XT Komplettes Scherset"},"content":{"rendered":"<p>Schafschermaschine, entwickelt und hergestellt in Gro\u00dfbritannien. Diese Schafschermaschinen sind netzbetrieben und hoch belastbar.<\/p>\n<ul>\n<li>Entwickelt f\u00fcr den Einsatz unter extrem harten Bedingungen<\/li>\n<li>L\u00e4uft mit 2.850 Umdrehungen pro Minute<\/li>\n<li>EasyDrive-System f\u00fcr schnellen und einfachen Anschluss des Antriebs<\/li>\n<li>50% mehr Leistung als vergleichbare Maschinen<\/li>\n<li>\u00c4u\u00dferst robustes Maschinengeh\u00e4use aus Stahl<\/li>\n<\/ul>\n<p>Dieses Set enth\u00e4lt alles, was Sie f\u00fcr die Vollzeitschur ben\u00f6tigen:<\/p>\n<ul>\n<li>Longhorn\u00ae Schermaschine<\/li>\n<li>Hochbelastbarer Flexi-Antrieb<\/li>\n<li>Horner SureGrip Handst\u00fcck<\/li>\n<li>3 Longhorn\u00ae K\u00e4mme und 6 Longhorn\u00ae Schermesser<\/li>\n<li>Zwinge<\/li>\n<li>Flasche Longhorn\u00ae Scher\u00f6l<\/li>\n<li>Schraubendreher<\/li>\n<li>Longhorn\u00ae Adapter-Halterung<\/li>\n<\/ul>\n<p>Ab dem 1. Januar 2023 werden alle Longhorn\u00ae Gelenkwellens\u00e4tze mit einer verstellbaren Gelenkwelle geliefert, die ein 19-mm-Endst\u00fcck und eine 19-mm-Klemmh\u00fclse hat.<\/p>\n<p>&nbsp;<\/p>\n<p>Drehzahl: 2850 RPM<br \/>\nSpannungsversorgung: 220-240 Volt &#8211; 50 Hz<br \/>\nLeistung: 370 Watt<br \/>\nAnlaufstrom: 8 Ampere<\/p>\n","protected":false},"excerpt":{"rendered":"<p>Schafschermaschine, entwickelt und hergestellt in Gro\u00dfbritannien. Diese Schafschermaschinen sind netzbetrieben und hoch belastbar. Entwickelt f\u00fcr den Einsatz unter extrem harten [&hellip;]<\/p>\n","protected":false},"featured_media":10354,"template":"","meta":{"site-sidebar-layout":"default","site-content-layout":"","ast-site-content-layout":"default","site-content-style":"default","site-sidebar-style":"default","ast-global-header-display":"","ast-banner-title-visibility":"","ast-main-header-display":"","ast-hfb-above-header-display":"","ast-hfb-below-header-display":"","ast-hfb-mobile-header-display":"","site-post-title":"","ast-breadcrumbs-content":"","ast-featured-img":"","footer-sml-layout":"","ast-disable-related-posts":"","theme-transparent-header-meta":"default","adv-header-id-meta":"","stick-header-meta":"","header-above-stick-meta":"","header-main-stick-meta":"","header-below-stick-meta":"","astra-migrate-meta-layouts":"set","ast-page-background-enabled":"default","ast-page-background-meta":{"desktop":{"background-color":"var(--ast-global-color-4)","background-image":"","background-repeat":"repeat","background-position":"center center","background-size":"auto","background-attachment":"scroll","background-type":"","background-media":"","overlay-type":"","overlay-color":"","overlay-opacity":"","overlay-gradient":""},"tablet":{"background-color":"","background-image":"","background-repeat":"repeat","background-position":"center center","background-size":"auto","background-attachment":"scroll","background-type":"","background-media":"","overlay-type":"","overlay-color":"","overlay-opacity":"","overlay-gradient":""},"mobile":{"background-color":"","background-image":"","background-repeat":"repeat","background-position":"center center","background-size":"auto","background-attachment":"scroll","background-type":"","background-media":"","overlay-type":"","overlay-color":"","overlay-opacity":"","overlay-gradient":""}},"ast-content-background-meta":{"desktop":{"background-color":"var(--ast-global-color-5)","background-image":"","background-repeat":"repeat","background-position":"center center","background-size":"auto","background-attachment":"scroll","background-type":"","background-media":"","overlay-type":"","overlay-color":"","overlay-opacity":"","overlay-gradient":""},"tablet":{"background-color":"var(--ast-global-color-5)","background-image":"","background-repeat":"repeat","background-position":"center center","background-size":"auto","background-attachment":"scroll","background-type":"","background-media":"","overlay-type":"","overlay-color":"","overlay-opacity":"","overlay-gradient":""},"mobile":{"background-color":"var(--ast-global-color-5)","background-image":"","background-repeat":"repeat","background-position":"center center","background-size":"auto","background-attachment":"scroll","background-type":"","background-media":"","overlay-type":"","overlay-color":"","overlay-opacity":"","overlay-gradient":""}}},"product_brand":[],"product_cat":[105],"product_tag":[],"class_list":{"0":"post-10349","1":"product","2":"type-product","3":"status-publish","4":"has-post-thumbnail","6":"product_cat-schurwerkzeug","7":"product_shipping_class-paket","8":"desktop-align-left","9":"tablet-align-left","10":"mobile-align-left","12":"first","13":"instock","14":"taxable","15":"shipping-taxable","16":"purchasable","17":"product-type-simple"},"_links":{"self":[{"href":"https:\/\/www.premier-futtermittel.de\/Shop\/wp-json\/wp\/v2\/product\/10349","targetHints":{"allow":["GET"]}}],"collection":[{"href":"https:\/\/www.premier-futtermittel.de\/Shop\/wp-json\/wp\/v2\/product"}],"about":[{"href":"https:\/\/www.premier-futtermittel.de\/Shop\/wp-json\/wp\/v2\/types\/product"}],"wp:featuredmedia":[{"embeddable":true,"href":"https:\/\/www.premier-futtermittel.de\/Shop\/wp-json\/wp\/v2\/media\/10354"}],"wp:attachment":[{"href":"https:\/\/www.premier-futtermittel.de\/Shop\/wp-json\/wp\/v2\/media?parent=10349"}],"wp:term":[{"taxonomy":"product_brand","embeddable":true,"href":"https:\/\/www.premier-futtermittel.de\/Shop\/wp-json\/wp\/v2\/product_brand?post=10349"},{"taxonomy":"product_cat","embeddable":true,"href":"https:\/\/www.premier-futtermittel.de\/Shop\/wp-json\/wp\/v2\/product_cat?post=10349"},{"taxonomy":"product_tag","embeddable":true,"href":"https:\/\/www.premier-futtermittel.de\/Shop\/wp-json\/wp\/v2\/product_tag?post=10349"}],"curies":[{"name":"wp","href":"https:\/\/api.w.org\/{rel}","templated":true}]}}